1, 103
What are the prime factors of 477?
3, 53
What are the prime factors of 758?
2, 379
List the prime factors of 2235.
3, 5, 149
What are the prime factors of 1052?
2, 263
What are the prime factors of 1365?
3, 5, 7, 13
What are the prime factors of 13305?
3, 5, 887
What are the prime factors of 102976?
2, 1609
What are the prime factors of 731?
17, 43
List the prime factors of 6223.
7, 127
List the prime factors of 3508.
2, 877
List the prime factors of 2511.
3, 31
What are the prime factors of 8764?
2, 7, 313
List the prime factors of 28156.
2, 7039
List the prime factors of 507.
3, 13
List the prime factors of 11169.
3, 17, 73
What are the prime factors of 18838?
2, 9419
What are the prime factors of 33918?
2, 3, 5653
What are the prime factors of 21493?
21493
List the prime factors of 17381.
7, 13, 191
List the prime factors of 91896.
2, 3, 7, 547
What are the prime factors of 1371?
3, 457
List the prime factors of 1891.
31, 61
What are the prime factors of 2385?
3, 5, 53
What are the prime factors of 1531?
1531
List the prime factors of 561.
3, 11, 17
List the prime factors of 14726.
2, 37, 199
What are the prime factors of 33086?
2, 71, 233
List the prime factors of 3389.
3389
What are the prime factors of 9161?
9161
What are the prime factors of 57216?
2, 3, 149
List the prime factors of 1463.
7, 11, 19
List the prime factors of 1776.
2, 3, 37
List the prime factors of 649.
11, 59
What are the prime factors of 41680?
2, 5, 521
List the prime factors of 5136.
2, 3, 107
What are the prime factors of 1639?
11, 149
What are the prime factors of 10951?
47, 233
What are the prime factors of 1753?
1753
What are the prime factors of 72017?
11, 6547
List the prime factors of 997.
997
List the prime factors of 88272.
2, 3, 613
List the prime factors of 1850.
2, 5, 37
List the prime factors of 269.
269
What are the prime factors of 1137?
3, 379
What are the prime factors of 1645?
5, 7, 47
What are the prime factors of 246?
2, 3, 41
List the prime factors of 321.
3, 107
What are the prime factors of 6860?
2, 5, 7
What are the prime factors of 35096?
2, 41, 107
List the prime factors of 37137.
3, 12379
List the prime factors of 33006.
2, 3, 5501
What are the prime factors of 1951?
1951
What are the prime factors of 48916?
2, 7, 1747
List the prime factors of 11.
11
List the prime factors of 68.
2, 17
What are the prime factors of 22249?
19, 1171
List the prime factors of 63020.
2, 5, 23, 137
List the prime factors of 6391.
7, 11, 83
List the prime factors of 4112.
2, 257
What are the prime factors of 23794?
2, 11897
List the prime factors of 2375.
5, 19
List the prime factors of 3537.
3, 131
What are the prime factors of 14846?
2, 13, 571
List the prime factors of 144889.
144889
List the prime factors of 36900.
2, 3, 5, 41
What are the prime factors of 63788?
2, 37, 431
List the prime factors of 1677.
3, 13, 43
What are the prime factors of 8812?
2, 2203
What are the prime factors of 10424?
2, 1303
List the prime factors of 1874.
2, 937
What are the prime factors of 21722?
2, 10861
What are the prime factors of 98557?
67, 1471
List the prime factors of 61179.
3, 20393
What are the prime factors of 4456?
2, 557
What are the prime factors of 1600?
2, 5
What are the prime factors of 5?
5
What are the prime factors of 3676?
2, 919
List the prime factors of 138577.
138577
What are the prime factors of 1382?
2, 691
What are the prime factors of 19350?
2, 3, 5, 43
What are the prime factors of 363?
3, 11
List the prime factors of 43558.
2, 29, 751
What are the prime factors of 18631?
31, 601
What are the prime factors of 52184?
2, 11, 593
What are the prime factors of 126020?
2, 5, 6301
List the prime factors of 204.
2, 3, 17
What are the prime factors of 7514?
2, 13, 17
List the prime factors of 2251.
2251
List the prime factors of 8820.
2, 3, 5, 7
What are the prime factors of 17850?
2, 3, 5, 7, 17
What are the prime factors of 303?
3, 101
What are the prime factors of 1195?
5, 239
What are the prime factors of 133271?
133271
List the prime factors of 12658.
2, 6329
What are the prime factors of 16178?
2, 8089
List the prime factors of 89.
89
What are the prime factors of 3384?
2, 3, 47
List the prime factors of 4762.
2, 2381
What are the prime factors of 1059?
3, 353
What are the prime factors of 27507?
3, 53, 173
What are the prime factors of 112498?
2, 56249
What are the prime factors of 20973?
3, 6991
What are the prime factors of 461?
461
What are the prime factors of 81322?
2, 73, 557
List the prime factors of 111408.
2, 3, 11, 211
List the prime factors of 5718.
2, 3, 953
List the prime factors of 6384.
2, 3, 7, 19
What are the prime factors of 581?
7, 83
List the prime factors of 14340.
2, 3, 5, 239
What are the prime factors of 15791?
15791
List the prime factors of 3380.
2, 5, 13
List the prime factors of 73421.
73421
List the prime factors of 30626.
2, 15313
List the prime factors of 1241.
17, 73
List the prime factors of 91431.
3, 10159
List the prime factors of 14093.
17, 829
List the prime factors of 415.
5, 83
List the prime factors of 610.
2, 5, 61
List the prime factors of 998.
2, 499
List the prime factors of 12482.
2, 79
What are the prime factors of 46321?
11, 4211
List the prime factors of 6745.
5, 19, 71
List the prime factors of 3987.
3, 443
What are the prime factors of 4312?
2, 7, 11
What are the prime factors of 4129?
4129
What are the prime factors of 419?
419
What are the prime factors of 1003?
17, 59
What are the prime factors of 124404?
2, 3, 7, 1481
List the prime factors of 35825.
5, 1433
What are the prime factors of 2225?
5, 89
What are the prime factors of 7375?
5, 59
List the prime factors of 4964.
2, 17, 73
List the prime factors of 12955.
5, 2591
List the prime factors of 65690.
2, 5, 6569
What are the prime factors of 647?
647
List the prime factors of 1431.
3, 53
List the prime factors of 1081.
23, 47
List the prime factors of 11333.
7, 1619
List the prime factors of 5040.
2, 3, 5, 7
List the prime factors of 2478.
2, 3, 7, 59
List the prime factors of 1347.
3, 449
What are the prime factors of 29051?
11, 19, 139
List the prime factors of 15824.
2, 23, 43
List the prime factors of 8895.
3, 5, 593
List the prime factors of 30515.
5, 17, 359
List the prime factors of 4289.
4289
List the prime factors of 762.
2, 3, 127
What are the prime factors of 462?
2, 3, 7, 11
List the prime factors of 319.
11, 29
List the prime factors of 17767.
109, 163
List the prime factors of 28624.
2, 1789
What are the prime factors of 168?
2, 3, 7
List the prime factors of 17356.
2, 4339
What are the prime factors of 13022?
2, 17, 383
List the prime factors of 85904.
2, 7, 13, 59
What are the prime factors of 47474?
2, 7, 3391
What are the prime factors of 1772?
2, 443
List the prime factors of 82062.
2, 3, 47, 97
What are the prime factors of 1528?
2, 191
List the prime factors of 13672.
2, 1709
List the prime factors of 31976.
2, 7, 571
What are the prime factors of 15703?
41, 383
List the prime factors of 2344.
2, 293
What are the prime factors of 12552?
2, 3, 523
What are the prime factors of 1568?
2, 7
What are the prime factors of 52795?
5, 10559
List the prime factors of 2009.
7, 41
List the prime factors of 8555.
5, 29, 59
What are the prime factors of 6422?
2, 13, 19
What are the prime factors of 1507?
11, 137
What are the prime factors of 238?
2, 7, 17
What are the prime factors of 904?
2, 113
What are the prime factors of 400?
2, 5
What are the prime factors of 1415?
5, 283
List the prime factors of 27.
3
List the prime factors of 5741.
5741
What are the prime factors of 57216?
2, 3, 149
What are the prime factors of 80628?
2, 3, 6719
List the prime factors of 2679.
3, 19, 47
What are the prime factors of 16709?
7, 11, 31
List the prime factors of 9549.
3, 1061
What are the prime factors of 7615?
5, 1523
What are the prime factors of 25?
5
What are the prime factors of 2435?
5, 487
What are the prime factors of 5634?
2, 3, 313
What are the prime factors of 30998?
2, 11, 1409
List the prime factors of 7125.
3, 5, 19
List the prime factors of 78.
2, 3, 13
List the prime factors of 17692.
2, 4423
List the prime factors of 5943.
3, 7, 283
List the prime factors of 30519.
3, 3391
What are the prime factors of 14?
2, 7
List th